[INFO] fetching crate libtun 0.1.0...
[INFO] checking libtun-0.1.0 against master#cfbc6d4cf1acbac5c025acf8ed68929caa551df3 for pr-75494-beta
[INFO] extracting crate libtun 0.1.0 into /workspace/builds/worker-1/source
[INFO] validating manifest of crates.io crate libtun 0.1.0 on toolchain cfbc6d4cf1acbac5c025acf8ed68929caa551df3
[INFO] running `Command { std: "/workspace/cargo-home/bin/cargo" "+cfbc6d4cf1acbac5c025acf8ed68929caa551df3" "read-manifest" "--manifest-path" "Cargo.toml", kill_on_drop: false }`
[INFO] started tweaking crates.io crate libtun 0.1.0
[INFO] finished tweaking crates.io crate libtun 0.1.0
[INFO] tweaked toml for crates.io crate libtun 0.1.0 written to /workspace/builds/worker-1/source/Cargo.toml
[INFO] running `Command { std: "/workspace/cargo-home/bin/cargo" "+cfbc6d4cf1acbac5c025acf8ed68929caa551df3" "generate-lockfile" "--manifest-path" "Cargo.toml" "-Zno-index-update", kill_on_drop: false }`
[INFO] running `Command { std: "/workspace/cargo-home/bin/cargo" "+cfbc6d4cf1acbac5c025acf8ed68929caa551df3" "fetch" "--locked" "--manifest-path" "Cargo.toml", kill_on_drop: false }`
[INFO] [stderr]  Downloading crates ...
[INFO] [stderr]   Downloaded blocking v0.4.7
[INFO] running `Command { std: "docker" "create" "-v" "/var/lib/crater-agent-workspace/builds/worker-1/target:/opt/rustwide/target:rw,Z" "-v" "/var/lib/crater-agent-workspace/builds/worker-1/source:/opt/rustwide/workdir:ro,Z" "-v" "/var/lib/crater-agent-workspace/cargo-home:/opt/rustwide/cargo-home:ro,Z" "-v" "/var/lib/crater-agent-workspace/rustup-home:/opt/rustwide/rustup-home:ro,Z" "-e" "SOURCE_DIR=/opt/rustwide/workdir" "-e" "CARGO_TARGET_DIR=/opt/rustwide/target" "-e" "CARGO_HOME=/opt/rustwide/cargo-home" "-e" "RUSTUP_HOME=/opt/rustwide/rustup-home" "-w" "/opt/rustwide/workdir" "-m" "1610612736" "--user" "0:0" "--network" "none" "rustops/crates-build-env@sha256:a636fd89d022f18117e1dc8fb37a0a009933cdbbe082814857f0e2024962d47c" "/opt/rustwide/cargo-home/bin/cargo" "+cfbc6d4cf1acbac5c025acf8ed68929caa551df3" "metadata" "--no-deps" "--format-version=1", kill_on_drop: false }`
[INFO] [stdout] 12c4b402ca8e92c23a8831f8c98de543689fd88a33d80a65be565dc56a8fdedb
[INFO] [stderr] WARNING: Your kernel does not support swap limit capabilities or the cgroup is not mounted. Memory limited without swap.
[INFO] running `Command { std: "docker" "start" "-a" "12c4b402ca8e92c23a8831f8c98de543689fd88a33d80a65be565dc56a8fdedb", kill_on_drop: false }`
[INFO] running `Command { std: "docker" "inspect" "12c4b402ca8e92c23a8831f8c98de543689fd88a33d80a65be565dc56a8fdedb", kill_on_drop: false }`
[INFO] running `Command { std: "docker" "rm" "-f" "12c4b402ca8e92c23a8831f8c98de543689fd88a33d80a65be565dc56a8fdedb", kill_on_drop: false }`
[INFO] [stdout] 12c4b402ca8e92c23a8831f8c98de543689fd88a33d80a65be565dc56a8fdedb
[INFO] running `Command { std: "docker" "create" "-v" "/var/lib/crater-agent-workspace/builds/worker-1/target:/opt/rustwide/target:rw,Z" "-v" "/var/lib/crater-agent-workspace/builds/worker-1/source:/opt/rustwide/workdir:ro,Z" "-v" "/var/lib/crater-agent-workspace/cargo-home:/opt/rustwide/cargo-home:ro,Z" "-v" "/var/lib/crater-agent-workspace/rustup-home:/opt/rustwide/rustup-home:ro,Z" "-e" "SOURCE_DIR=/opt/rustwide/workdir" "-e" "CARGO_TARGET_DIR=/opt/rustwide/target" "-e" "CARGO_INCREMENTAL=0" "-e" "RUST_BACKTRACE=full" "-e" "RUSTFLAGS=--cap-lints=forbid" "-e" "CARGO_HOME=/opt/rustwide/cargo-home" "-e" "RUSTUP_HOME=/opt/rustwide/rustup-home" "-w" "/opt/rustwide/workdir" "-m" "1610612736" "--user" "0:0" "--network" "none" "rustops/crates-build-env@sha256:a636fd89d022f18117e1dc8fb37a0a009933cdbbe082814857f0e2024962d47c" "/opt/rustwide/cargo-home/bin/cargo" "+cfbc6d4cf1acbac5c025acf8ed68929caa551df3" "check" "--frozen" "--all" "--all-targets" "--message-format=json", kill_on_drop: false }`
[INFO] [stdout] 25d3a0d3a32e0a3ef25ba7a82d76fb3cd5f4d81a8d6d7a4640124a3a00245e9b
[INFO] [stderr] WARNING: Your kernel does not support swap limit capabilities or the cgroup is not mounted. Memory limited without swap.
[INFO] running `Command { std: "docker" "start" "-a" "25d3a0d3a32e0a3ef25ba7a82d76fb3cd5f4d81a8d6d7a4640124a3a00245e9b", kill_on_drop: false }`
[INFO] [stderr]    Compiling syn v1.0.39
[INFO] [stderr]     Checking futures-core v0.3.5
[INFO] [stderr]     Checking futures-io v0.3.5
[INFO] [stderr]     Checking once_cell v1.4.1
[INFO] [stderr]     Checking cache-padded v1.1.1
[INFO] [stderr]     Checking fastrand v1.3.4
[INFO] [stderr]     Checking waker-fn v1.0.0
[INFO] [stderr]     Checking parking v2.0.0
[INFO] [stderr]     Checking pin-project-lite v0.1.7
[INFO] [stderr]    Compiling pin-project-internal v0.4.23
[INFO] [stderr]     Checking event-listener v2.4.0
[INFO] [stderr]    Compiling proc-macro-nested v0.1.6
[INFO] [stderr]    Compiling proc-macro-hack v0.5.18
[INFO] [stderr]     Checking slab v0.4.2
[INFO] [stderr]     Checking futures-sink v0.3.5
[INFO] [stderr]     Checking pin-utils v0.1.0
[INFO] [stderr]     Checking async-task v3.0.0
[INFO] [stderr]     Checking parking v1.0.6
[INFO] [stderr]     Checking atomic-waker v1.0.0
[INFO] [stderr]     Checking vec-arena v0.5.2
[INFO] [stderr]     Checking scoped-tls v1.0.0
[INFO] [stderr]    Compiling doc-comment v0.3.3
[INFO] [stderr]     Checking ppv-lite86 v0.2.9
[INFO] [stderr]     Checking concurrent-queue v1.2.2
[INFO] [stderr]    Compiling crossbeam-utils v0.7.2
[INFO] [stderr]     Checking async-mutex v1.1.5
[INFO] [stderr]     Checking futures-channel v0.3.5
[INFO] [stderr]    Compiling libc v0.2.76
[INFO] [stderr]     Checking log v0.4.11
[INFO] [stderr]     Checking socket2 v0.3.12
[INFO] [stderr]     Checking polling v0.1.5
[INFO] [stderr]     Checking getrandom v0.1.14
[INFO] [stderr]     Checking backtrace v0.3.50
[INFO] [stderr]     Checking num_cpus v1.13.0
[INFO] [stderr]     Checking futures-lite v0.1.11
[INFO] [stderr]     Checking futures-task v0.3.5
[INFO] [stderr]     Checking async-channel v1.4.0
[INFO] [stderr]     Checking multitask v0.2.0
[INFO] [stderr]     Checking rand_core v0.5.1
[INFO] [stderr]     Checking kv-log-macro v1.0.7
[INFO] [stderr]     Checking rand_chacha v0.2.2
[INFO] [stderr]    Compiling jobserver v0.1.21
[INFO] [stderr]     Checking rand v0.7.3
[INFO] [stderr]     Checking async-io v0.1.11
[INFO] [stderr]     Checking blocking v0.4.7
[INFO] [stderr]     Checking blocking v0.5.2
[INFO] [stderr]    Compiling cc v1.0.59
[INFO] [stderr]     Checking async-executor v0.1.2
[INFO] [stderr]     Checking async-std v1.6.3
[INFO] [stderr]    Compiling libtun v0.1.0 (/opt/rustwide/workdir)
[INFO] [stderr]    Compiling futures-macro v0.3.5
[INFO] [stderr]    Compiling serde_derive v1.0.115
[INFO] [stderr]    Compiling snafu-derive v0.6.8
[INFO] [stderr]     Checking snafu v0.6.8
[INFO] [stderr]     Checking pin-project v0.4.23
[INFO] [stderr]     Checking futures-util v0.3.5
[INFO] [stderr]     Checking serde v1.0.115
[INFO] [stderr]     Checking futures-executor v0.3.5
[INFO] [stderr]     Checking smol v0.1.18
[INFO] [stderr]     Checking futures v0.3.5
[INFO] [stderr]     Checking ipnet v2.3.0
[INFO] [stdout] warning: unused import: `libc`
[INFO] [stdout]  --> src/lib.rs:1:5
[INFO] [stdout]   |
[INFO] [stdout] 1 | use libc;
[INFO] [stdout]   |     ^^^^
[INFO] [stdout]   |
[INFO] [stdout]   = note: `#[warn(unused_imports)]` on by default
[INFO] [stdout] 
[INFO] [stdout] 
[INFO] [stdout] warning: unused imports: `ErrorKind`, `Error`
[INFO] [stdout]  --> src/lib.rs:2:15
[INFO] [stdout]   |
[INFO] [stdout] 2 | use std::io::{Error, ErrorKind};
[INFO] [stdout]   |               ^^^^^  ^^^^^^^^^
[INFO] [stdout] 
[INFO] [stdout] 
[INFO] [stdout] warning: unused import: `LittleEndian`
[INFO] [stdout]  --> src/packet.rs:4:28
[INFO] [stdout]   |
[INFO] [stdout] 4 | use byteorder::{BigEndian, LittleEndian, ReadBytesExt, WriteBytesExt};
[INFO] [stdout]   |                            ^^^^^^^^^^^^
[INFO] [stdout] 
[INFO] [stdout] 
[INFO] [stdout] warning: unused import: `std::io`
[INFO] [stdout]  --> src/raw.rs:3:5
[INFO] [stdout]   |
[INFO] [stdout] 3 | use std::io;
[INFO] [stdout]   |     ^^^^^^^
[INFO] [stdout] 
[INFO] [stdout] 
[INFO] [stdout] warning: unused import: `std::fmt`
[INFO] [stdout]  --> src/raw/raw_linux.rs:6:5
[INFO] [stdout]   |
[INFO] [stdout] 6 | use std::fmt;
[INFO] [stdout]   |     ^^^^^^^^
[INFO] [stdout] 
[INFO] [stdout] 
[INFO] [stdout] warning: unused import: `AddrParseError`
[INFO] [stdout]  --> src/systun.rs:4:13
[INFO] [stdout]   |
[INFO] [stdout] 4 | use ipnet::{AddrParseError, IpNet};
[INFO] [stdout]   |             ^^^^^^^^^^^^^^
[INFO] [stdout] 
[INFO] [stdout] 
[INFO] [stdout] warning: unused import: `std::convert::TryInto`
[INFO] [stdout]  --> src/systun.rs:6:5
[INFO] [stdout]   |
[INFO] [stdout] 6 | use std::convert::TryInto;
[INFO] [stdout]   |     ^^^^^^^^^^^^^^^^^^^^^
[INFO] [stdout] 
[INFO] [stdout] 
[INFO] [stdout] warning: unused import: `Error`
[INFO] [stdout]  --> src/systun.rs:8:15
[INFO] [stdout]   |
[INFO] [stdout] 8 | use std::io::{Error, Read, Write};
[INFO] [stdout]   |               ^^^^^
[INFO] [stdout] 
[INFO] [stdout] 
[INFO] [stdout] warning: unused import: `Thread`
[INFO] [stdout]   --> src/systun.rs:11:31
[INFO] [stdout]    |
[INFO] [stdout] 11 | use std::thread::{JoinHandle, Thread};
[INFO] [stdout]    |                               ^^^^^^
[INFO] [stdout] 
[INFO] [stdout] 
[INFO] [stdout] warning: unused import: `LittleEndian`
[INFO] [stdout]  --> src/protocol/icmp.rs:1:28
[INFO] [stdout]   |
[INFO] [stdout] 1 | use byteorder::{BigEndian, LittleEndian, ReadBytesExt, WriteBytesExt};
[INFO] [stdout]   |                            ^^^^^^^^^^^^
[INFO] [stdout] 
[INFO] [stdout] 
[INFO] [stdout] warning: unused import: `libc`
[INFO] [stdout]  --> src/lib.rs:1:5
[INFO] [stdout]   |
[INFO] [stdout] 1 | use libc;
[INFO] [stdout]   |     ^^^^
[INFO] [stdout]   |
[INFO] [stdout]   = note: `#[warn(unused_imports)]` on by default
[INFO] [stdout] 
[INFO] [stdout] 
[INFO] [stdout] warning: unused imports: `ErrorKind`, `Error`
[INFO] [stdout]  --> src/lib.rs:2:15
[INFO] [stdout]   |
[INFO] [stdout] 2 | use std::io::{Error, ErrorKind};
[INFO] [stdout]   |               ^^^^^  ^^^^^^^^^
[INFO] [stdout] 
[INFO] [stdout] 
[INFO] [stdout] warning: unused import: `LittleEndian`
[INFO] [stdout]  --> src/packet.rs:4:28
[INFO] [stdout]   |
[INFO] [stdout] 4 | use byteorder::{BigEndian, LittleEndian, ReadBytesExt, WriteBytesExt};
[INFO] [stdout]   |                            ^^^^^^^^^^^^
[INFO] [stdout] 
[INFO] [stdout] 
[INFO] [stdout] warning: unused import: `std::io`
[INFO] [stdout]  --> src/raw.rs:3:5
[INFO] [stdout]   |
[INFO] [stdout] 3 | use std::io;
[INFO] [stdout]   |     ^^^^^^^
[INFO] [stdout] 
[INFO] [stdout] 
[INFO] [stdout] warning: unused import: `std::fmt`
[INFO] [stdout]  --> src/raw/raw_linux.rs:6:5
[INFO] [stdout]   |
[INFO] [stdout] 6 | use std::fmt;
[INFO] [stdout]   |     ^^^^^^^^
[INFO] [stdout] 
[INFO] [stdout] 
[INFO] [stdout] warning: unused import: `AddrParseError`
[INFO] [stdout]  --> src/systun.rs:4:13
[INFO] [stdout]   |
[INFO] [stdout] 4 | use ipnet::{AddrParseError, IpNet};
[INFO] [stdout]   |             ^^^^^^^^^^^^^^
[INFO] [stdout] 
[INFO] [stdout] 
[INFO] [stdout] warning: unused import: `std::convert::TryInto`
[INFO] [stdout]  --> src/systun.rs:6:5
[INFO] [stdout]   |
[INFO] [stdout] 6 | use std::convert::TryInto;
[INFO] [stdout]   |     ^^^^^^^^^^^^^^^^^^^^^
[INFO] [stdout] 
[INFO] [stdout] 
[INFO] [stdout] warning: unused import: `Error`
[INFO] [stdout]  --> src/systun.rs:8:15
[INFO] [stdout]   |
[INFO] [stdout] 8 | use std::io::{Error, Read, Write};
[INFO] [stdout]   |               ^^^^^
[INFO] [stdout] 
[INFO] [stdout] 
[INFO] [stdout] warning: unused import: `Thread`
[INFO] [stdout]   --> src/systun.rs:11:31
[INFO] [stdout]    |
[INFO] [stdout] 11 | use std::thread::{JoinHandle, Thread};
[INFO] [stdout]    |                               ^^^^^^
[INFO] [stdout] 
[INFO] [stdout] 
[INFO] [stdout] warning: unused import: `LittleEndian`
[INFO] [stdout]  --> src/protocol/icmp.rs:1:28
[INFO] [stdout]   |
[INFO] [stdout] 1 | use byteorder::{BigEndian, LittleEndian, ReadBytesExt, WriteBytesExt};
[INFO] [stdout]   |                            ^^^^^^^^^^^^
[INFO] [stdout] 
[INFO] [stdout] 
[INFO] [stdout] error[E0599]: no method named `reader` found for struct `systun::Systun` in the current scope
[INFO] [stdout]   --> src/test.rs:19:24
[INFO] [stdout]    |
[INFO] [stdout] 19 |   let mut reader = tun.reader();
[INFO] [stdout]    |                        ^^^^^^ method not found in `systun::Systun`
[INFO] [stdout]    | 
[INFO] [stdout]   ::: src/systun.rs:13:1
[INFO] [stdout]    |
[INFO] [stdout] 13 | pub struct Systun {
[INFO] [stdout]    | ----------------- method `reader` not found for this
[INFO] [stdout]    |
[INFO] [stdout]    = help: items from traits can only be used if the trait is implemented and in scope
[INFO] [stdout]    = note: the following trait defines an item `reader`, perhaps you need to implement it:
[INFO] [stdout]            candidate #1: `gimli::read::Section`
[INFO] [stdout] 
[INFO] [stdout] 
[INFO] [stdout] error[E0599]: no method named `take_reader` found for mutable reference `&mut raw::raw_linux::RawTun` in the current scope
[INFO] [stdout]    --> src/systun.rs:168:26
[INFO] [stdout]     |
[INFO] [stdout] 168 |     let raw_reader = raw.take_reader().unwrap();
[INFO] [stdout]     |                          ^^^^^^^^^^^ method not found in `&mut raw::raw_linux::RawTun`
[INFO] [stdout] 
[INFO] [stdout] 
[INFO] [stdout] error[E0599]: no method named `take_writer` found for mutable reference `&mut raw::raw_linux::RawTun` in the current scope
[INFO] [stdout]    --> src/systun.rs:170:26
[INFO] [stdout]     |
[INFO] [stdout] 170 |     let raw_writer = raw.take_writer().unwrap();
[INFO] [stdout]     |                          ^^^^^^^^^^^ method not found in `&mut raw::raw_linux::RawTun`
[INFO] [stdout] 
[INFO] [stdout] 
[INFO] [stdout] warning: unused import: `Write`
[INFO] [stdout]  --> src/packet.rs:5:23
[INFO] [stdout]   |
[INFO] [stdout] 5 | use std::io::{Cursor, Write};
[INFO] [stdout]   |                       ^^^^^
[INFO] [stdout] 
[INFO] [stdout] 
[INFO] [stdout] warning: unused import: `async_std::prelude`
[INFO] [stdout]   --> src/systun.rs:10:5
[INFO] [stdout]    |
[INFO] [stdout] 10 | use async_std::prelude::*;
[INFO] [stdout]    |     ^^^^^^^^^^^^^^^^^^
[INFO] [stdout] 
[INFO] [stdout] 
[INFO] [stdout] error: aborting due to 2 previous errors; 12 warnings emitted
[INFO] [stdout] 
[INFO] [stdout] 
[INFO] [stdout] For more information about this error, try `rustc --explain E0599`.
[INFO] [stdout] 
[INFO] [stderr] error: could not compile `libtun`.
[INFO] [stderr] 
[INFO] [stderr] To learn more, run the command again with --verbose.
[INFO] [stderr] warning: build failed, waiting for other jobs to finish...
[INFO] [stdout] error[E0599]: no method named `take_reader` found for mutable reference `&mut raw::raw_linux::RawTun` in the current scope
[INFO] [stdout]    --> src/systun.rs:168:26
[INFO] [stdout]     |
[INFO] [stdout] 168 |     let raw_reader = raw.take_reader().unwrap();
[INFO] [stdout]     |                          ^^^^^^^^^^^ method not found in `&mut raw::raw_linux::RawTun`
[INFO] [stdout] 
[INFO] [stdout] 
[INFO] [stdout] error[E0599]: no method named `take_writer` found for mutable reference `&mut raw::raw_linux::RawTun` in the current scope
[INFO] [stdout]    --> src/systun.rs:170:26
[INFO] [stdout]     |
[INFO] [stdout] 170 |     let raw_writer = raw.take_writer().unwrap();
[INFO] [stdout]     |                          ^^^^^^^^^^^ method not found in `&mut raw::raw_linux::RawTun`
[INFO] [stdout] 
[INFO] [stdout] 
[INFO] [stdout] warning: unused import: `Write`
[INFO] [stdout]  --> src/packet.rs:5:23
[INFO] [stdout]   |
[INFO] [stdout] 5 | use std::io::{Cursor, Write};
[INFO] [stdout]   |                       ^^^^^
[INFO] [stdout] 
[INFO] [stdout] 
[INFO] [stdout] warning: unused import: `async_std::prelude`
[INFO] [stdout]   --> src/systun.rs:10:5
[INFO] [stdout]    |
[INFO] [stdout] 10 | use async_std::prelude::*;
[INFO] [stdout]    |     ^^^^^^^^^^^^^^^^^^
[INFO] [stdout] 
[INFO] [stdout] 
[INFO] [stdout] error: aborting due to 3 previous errors; 12 warnings emitted
[INFO] [stdout] 
[INFO] [stdout] 
[INFO] [stdout] For more information about this error, try `rustc --explain E0599`.
[INFO] [stdout] 
[INFO] [stderr] error: build failed
[INFO] running `Command { std: "docker" "inspect" "25d3a0d3a32e0a3ef25ba7a82d76fb3cd5f4d81a8d6d7a4640124a3a00245e9b", kill_on_drop: false }`
[INFO] running `Command { std: "docker" "rm" "-f" "25d3a0d3a32e0a3ef25ba7a82d76fb3cd5f4d81a8d6d7a4640124a3a00245e9b", kill_on_drop: false }`
[INFO] [stdout] 25d3a0d3a32e0a3ef25ba7a82d76fb3cd5f4d81a8d6d7a4640124a3a00245e9b
